d 294?
98
What is the greatest common factor of 233700 and 114900?
300
What is the greatest common divisor of 6238442 and 6999?
2333
Calculate the highest common divisor of 40 and 309095.
5
Calculate the greatest common factor of 286050 and 525.
75
What is the highest common factor of 18 and 1901682?
18
Calculate the highest common factor of 505751 and 7801831.
8291
Calculate the highest common factor of 1162360 and 11870.
10
What is the greatest common divisor of 36 and 16518636?
36
What is the greatest common factor of 9894 and 754834?
34
Calculate the greatest common divisor of 59476 and 7084.
4
Calculate the greatest common factor of 464 and 44416048.
16
What is the highest common factor of 6651216 and 1248?
624
What is the highest common factor of 50598114 and 168?
42
What is the highest common factor of 14003475 and 25575?
2325
What is the highest common factor of 1289628 and 2916?
108
Calculate the greatest common factor of 115994 and 3186.
118
What is the highest common factor of 1202722 and 14874?
74
What is the highest common factor of 1364 and 916784?
44
What is the highest common divisor of 1122 and 40534698?
102
What is the highest common factor of 170901 and 321555?
51
Calculate the greatest common divisor of 140 and 11979940.
140
What is the highest common divisor of 10022932 and 1340?
268
Calculate the greatest common divisor of 64118 and 118.
2
What is the greatest common divisor of 68354 and 3330943?
2629
Calculate the highest common factor of 8381195 and 2130.
355
What is the highest common divisor of 2322 and 225314109?
1161
What is the highest common factor of 2077868 and 3224?
1612
Calculate the greatest common factor of 318079 and 20843.
19
What is the highest common factor of 82185039 and 45?
9
What is the greatest common divisor of 283973905 and 2540?
635
Calculate the greatest common factor of 42834 and 596046.
726
Calculate the highest common divisor of 6246 and 85449444.
2082
What is the highest common factor of 337707 and 3107?
239
What is the greatest common factor of 6845564 and 11902?
22
What is the greatest common factor of 20010 and 90?
30
Calculate the greatest common divisor of 529871672 and 28776.
9592
Calculate the greatest common factor of 100488 and 345666.
318
What is the highest common factor of 432155 and 1672?
19
What is the highest common divisor of 128570 and 217365?
215
Calculate the greatest common divisor of 1199835 and 154245.
1365
Calculate the greatest common divisor of 6424504 and 5432.
776
Calculate the highest common divisor of 1573479 and 80901.
909
What is the greatest common divisor of 95 and 33483490?
5
What is the highest common divisor of 1898780 and 236041?
871
What is the highest common divisor of 342 and 56083174?
38
What is the highest common factor of 9 and 168133419?
9
Calculate the highest common divisor of 4173488 and 6556.
44
What is the highest common divisor of 36 and 58588542?
18
Calculate the highest common factor of 3348 and 17653383.
27
Calculate the highest common factor of 5890 and 657484208.
1178
What is the greatest common divisor of 1672529340 and 1140?
1140
What is the highest common factor of 43595685 and 231?
21
What is the highest common divisor of 86009 and 11396?
77
Calculate the greatest common factor of 1568168 and 16728.
328
Calculate the highest common divisor of 23092588 and 5328.
148
Calculate the highest common factor of 208 and 34827664.
16
Calculate the highest common divisor of 2719717 and 29144423.
16093
Calculate the greatest common divisor of 1961864 and 584.
8
Calculate the greatest common factor of 2551171 and 42.
7
Calculate the highest common factor of 4938492 and 24.
12
Calculate the greatest common divisor of 72806176 and 836.
76
What is the greatest common divisor of 2551540 and 1540?
20
Calculate the greatest common divisor of 392 and 6393058.
14
What is the highest common divisor of 274 and 5357522?
274
Calculate the highest common divisor of 482650 and 1350.
50
Calculate the highest common divisor of 102843360 and 24.
24
What is the greatest common factor of 6298 and 35970022?
134
Calculate the greatest common factor of 3490100 and 2955.
5
What is the highest common divisor of 19 and 498578677?
19
Calculate the greatest common divisor of 2052183 and 2898273.
1659
What is the greatest common factor of 792 and 2427304?
88
Calculate the highest common factor of 420435 and 465705.
45
Calculate the highest common factor of 78628053 and 161.
161
What is the highest common divisor of 337435 and 23325?
1555
Calculate the greatest common factor of 21090 and 977910.
1110
What is the greatest common factor of 120047 and 611?
1
Calculate the greatest common divisor of 592847910 and 54.
54
Calculate the highest common factor of 105828648 and 24.
24
What is the highest common factor of 3152 and 227559428?
788
What is the highest common divisor of 3520 and 166179640?
440
Calculate the greatest common divisor of 150516 and 182772.
36
Calculate the greatest common factor of 1478776 and 31447.
767
What is the greatest common divisor of 169403 and 930098?
1079
Calculate the highest common divisor of 8094 and 76722.
114
Calculate the highest common factor of 1170 and 884840.
10
What is the greatest common divisor of 26700444 and 96?
12
What is the highest common factor of 2689487 and 13?
1
What is the greatest common factor of 368 and 23314448?
16
Calculate the greatest common divisor of 621 and 4664768.
23
What is the highest common factor of 5057 and 1942135793?
5057
Calculate the highest common factor of 336 and 250281150.
42
What is the greatest common divisor of 12217 and 7073?
643
Calculate the greatest common factor of 211158 and 60246.
18
What is the greatest common divisor of 2239370 and 1526?
14
Calculate the greatest common factor of 1645 and 19419554.
329
What is the highest common divisor of 1268550822 and 462?
462
Calculate the highest common divisor of 3296918 and 646.
38
Calculate the highest common factor of 30243840 and 616.
88
What is the highest common factor of 71060 and 1862?
38
Calculate the highest common factor of 27220707 and 828.
207
What is the greatest common divisor of 3091 and 784597?
11
Calculate the highest common divisor of 196212 and 11862552.
2364
What is the highest common divisor of 139136 and 31448?
8
Calculate the greatest common divisor of 32290527 and 10121.
349
Calculate the highest common factor of 17734834 and 11223.
1247
What is the highest common factor of 15498 and 567991368?
5166
Calculate the greatest common divisor of 3366 and 20143062.
306
What is the greatest common divisor of 2852 and 118089199?
713
Calculate the greatest common divisor of 351 and 1788891.
39
What is the greatest common factor of 25200756 and 252?
252
Calculate the greatest common divisor of 22127 and 103211.
29
What is the greatest common divisor of 1752 and 15735296?
584
Calculate the highest common divisor of 28281760 and 85280.
2080
What is the greatest common divisor of 5028508 and 92272?
316
Calculate the highest common factor of 100343593 and 4403.
259
What is the highest common divisor of 712 and 10108184?
8
Calculate the greatest common factor of 86010 and 1150.
10
Calculate the highest common divisor of 8451 and 8091441.
27
What is the greatest common divisor of 160 and 732405?
5
What is the highest common factor of 1875 and 3413500?
125
What is the highest common factor of 2994 and 2131569318?
2994
What is the greatest common factor of 7552 and 146512?
16
What is the greatest common divisor of 2910240 and 13680?
720
What is the greatest common divisor of 58449596 and 2?
2
Calculate the greatest common factor of 15104 and 16498996.
236
Calculate the greatest common divisor of 627544 and 88783.
47
What is the highest common divisor of 2905553 and 134848?
2107
What is the greatest common factor of 554865 and 87117?
213
What is the greatest common factor of 140014 and 3150?
14
Calculate the highest common divisor of 35634007 and 3.
1
Calculate the highest common divisor of 45027004 and 9003.
3001
What is the highest common factor of 35367280 and 930?
310
What is the greatest common divisor of 12605067 and 738144?
2097
Calculate the greatest common factor of 40 and 3148630.
10
What is the greatest common divisor of 6452 and 